is -2012422034 (base 5) in base 12?
-1423b78
Convert 111100111011000100 (base 2) to base 12.
1004b0
What is 1320543525 (base 6) in base 15?
15a8285
Convert -10100000111010010 (base 2) to base 12.
-3b816
Convert 1066088 (base 10) to base 13.
2b432a
What is 2e170 (base 16) in base 14?
4cb28
What is -9849c (base 13) in base 3?
-111222211010
Convert -4c443 (base 13) to base 7.
-1126032
-21201102 (base 4) to base 7
-221454
What is 90a454 (base 15) in base 13?
1566778
What is -31858 (base 14) in base 10?
-119638
What is -45cc9 (base 14) in base 8?
-513671
What is 2d2b8e (base 16) in base 15?
3d71b5
Convert 174c3 (base 13) to base 3.
2021102100
Convert -8768 (base 15) to base 8.
-70001
Convert 6324012 (base 9) to base 6.
200252402
Convert -366352 (base 10) to base 16.
-59710
What is 4551 (base 12) in base 8?
17015
What is 305976 (base 10) in base 3?
120112201110
What is 221261 (base 11) in base 8?
1261400
What is 10352646 (base 10) in base 15?
d976b6
-28384 (base 12) to base 5
-3241303
-1000022201100 (base 3) to base 11
-338065
44730 (base 9) to base 12
15276
Convert 66176412 (base 8) to base 12.
49195a2
-403403332 (base 5) to base 16
-18c146
-604103 (base 7) to base 12
-4b222
What is -78590 (base 11) in base 16?
-1bcaf
1363449 (base 11) to base 14
4514d4
9a87 (base 14) to base 2
110100010010111
Convert -1011100011011 (base 2) to base 5.
-142130
What is 13540851 (base 9) in base 10?
6699475
Convert 1220184 (base 9) to base 15.
d15cd
What is 210211202222 (base 3) in base 11?
274031
What is 29bb1 (base 12) in base 13?
20977
Convert -3987432 (base 10) to base 2.
-1111001101011111101000
-1000222200 (base 4) to base 5
-31433424
What is 162551442 (base 7) in base 11?
6259a95
30573b (base 13) to base 15
1739d2
321548 (base 9) to base 5
22111242
What is 21a45a (base 12) in base 3?
1000020200221
Convert 33c6 (base 14) to base 4.
2030202
What is -10b752 (base 15) in base 8?
-3026710
320239 (base 10) to base 2
1001110001011101111
40332002 (base 5) to base 6
10540002
What is 1210122311 (base 4) in base 7?
3332114
Convert 718884 (base 12) to base 8.
6617744
a3a104 (base 11) to base 3
10010201212220
What is 11023220032 (base 4) in base 5?
321431400
Convert -c8b0 (base 15) to base 7.
-234543
What is 213001110010 (base 4) in base 10?
10228996
What is -100000101110110101111110 (base 2) in base 8?
-40566576
100311131300 (base 4) to base 14
82c4b6
Convert 1134232515 (base 6) to base 11.
7255765
Convert 6851 (base 9) to base 16.
13cc
What is -312625 (base 7) in base 9?
-81741
-21022110211 (base 3) to base 9
-238424
165051456 (base 7) to base 8
53103611
-438ed (base 15) to base 12
-a4274
-34114342 (base 5) to base 12
-12639a
What is 17070894 (base 10) in base 14?
23a5258
344624 (base 9) to base 15
4142a
What is -212032330320 (base 4) in base 6?
-554453240
Convert -48845 (base 9) to base 10.
-32765
Convert -6157a (base 13) to base 3.
-22212101022
-121111101010221 (base 3) to base 13
-1a7c1a2
185e (base 15) to base 9
7188
Convert -1994aa (base 14) to base 11.
-571104
What is 232142223 (base 5) in base 11?
659aa3
62a7a2 (base 11) to base 14
1c4049
66150443 (base 7) to base 6
321354355
-1200034320 (base 5) to base 12
-abb997
Convert 10101220022 (base 3) to base 2.
10000010110110011
1e465 (base 16) to base 2
11110010001100101
What is 316134 (base 7) in base 6?
1102230
1630016 (base 9) to base 5
212433213
100010100001001101110011 (base 2) to base 12
30447ab
23918 (base 13) to base 8
177347
What is 141142230 (base 5) in base 9?
1324071
What is -13112024 (base 6) in base 7?
-3435652
What is -121110110 (base 3) in base 9?
-17413
-91318 (base 10) to base 14
-253ca
What is -1111001011110111101 (base 2) in base 3?
-221021120112
Convert 220010121220 (base 3) to base 12.
1aaaa3
45123415 (base 8) to base 13
203136a
What is 2031890 (base 11) in base 2?
1101101100010101000011
-12255066 (base 7) to base 3
-2002012110020
What is 1b382a (base 15) in base 7?
14201230
What is -10107714 (base 8) in base 3?
-11000102020201
What is -403397 (base 11) in base 2?
-10011110010111011010
Convert 4172a83 (base 11) to base 5.
3340304440
Convert -133344035 (base 6) to base 2.
-1010010000011100010111
Convert 224709 (base 10) to base 14.
5bc69
Convert 7326386 (base 9) to base 15.
525036
What is 12210112210112 (base 3) in base 8?
13602167
449a (base 16) to base 9
26073
-10150 (base 16) to base 11
-45544
What is -2265170 (base 8) in base 9?
-1140424
What is -724 (base 12) in base 14?
-540
Convert 30c164 (base 14) to base 15.
227d8e
What is -1481849 (base 10) in base 2?
-101101001110001111001
What is 100011000111101001 (base 2) in base 6?
3025545
Convert 1100112121111 (base 3) to base 13.
1c24b1
Convert 1233321121 (base 4) to base 2.
1101111111001011001
-1221324141 (base 5) to base 15
-3c964b
What is 405516 (base 9) in base 6?
5052153
Convert -111489 (base 12) to base 2.
-1000010011001101001
51735104 (base 8) to base 9
22613411
Convert -41216226 (base 7) to base 13.
-93a437
What is 8cc69 (base 16) in base 11?
364248
What is b0a9b (base 12) in base 5?
24322110
-4020350 (base 6) to base 16
-2e3aa
Convert -c50b77 (base 15) to base 11.
-5319527
What is -2201000012 (base 3) in base 14?
-15578
Convert -2123121224 (base 5) to base 9.
-8425081
What is -537d7 (base 14) in base 7?
-1500360
-1271725 (base 9) to base 14
-141d05
Convert 117c3 (base 16) to base 8.
213703
Convert 133306116 (base 7) to base 6.
505112130
Convert -422221401 (base 5) to base 7.
-20640365
270238 (base 9) to base 8
500576
-311076 (base 8) to base 15
-2079e
2369438 (base 10) to base 4
21002132132
d67 (base 14) to base 15
bae
32110030223 (base 4) to base 3
21001122210122
-328598 (base 13) to base 16
-1226ab
100210021010 (base 3) to base 6
4043520
What is -c245 (base 14) in base 4?
-20021211
What is 111000101111100101111 (base 2) in base 5?
434000000
Convert 145317 (base 10) to base 13.
511b3
Convert 43b807 (base 12) to base 8.
4070707
What is -385bd8 (base 14) in base 16?
-1d8de2
1353212 (base 8) to base 13
1051bc
Convert 24c3b0 (base 16) to base 9.
4472052
What is -410962 (base 11) in base 13?
-1a1545
2502403 (base 8) to base 11
430a68
1101033304 (base 5) to base 14
456972
Convert 108294 (base 14) to base 2.
10001000110010101010
What is 1222012012120 (base 3) in base 8?
3774722
What is 102002211000222 (base 3) in base 10?
5901281
What is -110430433 (base 5) in base 10?
-483243
-4141520 (base 6) to base 16
-30d38
What is 4517745 (base 8) in base 9?
2260281
277947 (base 10) to base 7
2235225
Convert 256d9 (base 14) to base 5.
10420134
What is 10987a7 (base 11) in base 13?
520803
What is 3246145 (base 8) in base 5?
210342100
-29b27b6 (base 12) to base 11
-4848244
a667b2 (base 16) to base 4
221212132302
-514977 (base 10) to base 7
-4243251
Convert -134203003 (base 5) to base 2.
-10101001011101110000
What is 3765740 (base 11) in base 9?
13263603
Convert -1c68c7 (base 14) to base 3.
-1220200002112
Convert -100111011001000100100 (base 2) to base 12.
-522b98
1205740 (base 13) to base 8
25225457
Convert 10a69a6 (base 11) to base 12.
78b30a
Convert 341254 (base 7) to base 5.
3414010
What is -b637a (base 12) in base 14?
-6314a
5472065 (base 8) to base 11
915655
Convert -453405 (base 7) to base 4.
-103221033
Convert 25a8b (base 16) to base 8.
455213
What is -10d5d (base 16) in base 15?
-15672
Convert 88c074 (base 13) to base 15.
43a996
1505303 (base 6) to base 13
30624
Convert 1dc1 (base 14) to base 5.
133321
Convert 262a3 (base 11) to base 2.
1001001011110111
What is -1011011110010110011 (base 2) in base 11?
-237537
Convert -324110324 (base 5) to base 7.
-14565331
What is -644625 (base 16) in base 7?
-106600026
What is 134da (base 15) in base 7?
345223
Convert 110111011011010111 (base 2) to base 15.
47406
What is 42eb2 (base 16) in base 2?
1000010111010110010
What is 42152503 (base 7) in base 11?
2011101
Convert -156a84 (base 11) to base 4.
-323131120
Convert -130205 (base 7) to base 12.
-11b55
What is 20210113223 (base 4) in base 2?
1000100100010111101011
3c63b (base 13) to base 4
123213113
What is -e3d22 (base 15) in base 4?
-2300032220
Convert -42895 (base 10) to base 7.
-236026
-160262 (base 13) to base 6
-15350125
What is -32320342 (base 5) in base 15?
-56d32
What is -1956d5 (base 14) in base 2?
-11011011011001011011
Convert -22b8a6 (base 12) to ba